{"id":33,"date":"2019-01-28T13:18:13","date_gmt":"2019-01-28T12:18:13","guid":{"rendered":"http:\/\/cm-web.be\/?page_id=33"},"modified":"2020-06-25T15:18:26","modified_gmt":"2020-06-25T13:18:26","slug":"carport-charpente","status":"publish","type":"page","link":"https:\/\/www.ecib-sa.be\/index.php\/carport-charpente\/","title":{"rendered":"Autres r\u00e9alisations"},"content":{"rendered":"\n<p>Nous pouvons vous proposer d&rsquo;autres r\u00e9alisations comme par exemple : des passerelles int\u00e9rieures ou ext\u00e9rieures, des carports, des pr\u00e9aux, des chapentes m\u00e9talliques mais \u00e9galement des am\u00e9nagements int\u00e9rieurs et ext\u00e9rieurs en acier, inox, alu ou corten.<\/p>\n\n\n\n<p><\/p>\n\n\n\n<ul class=\"wp-block-gallery columns-3 is-cropped\"><li class=\"blocks-gallery-item\"><figure><a href=\"http:\/\/ecib-sa.be\/wp-content\/uploads\/2019\/02\/20171014_172930-1-1024x576-1024x576.jpg\"><img loading=\"lazy\" width=\"1024\" height=\"576\" src=\"http:\/\/ecib-sa.be\/wp-content\/uploads\/2019\/02\/20171014_172930-1-1024x576-1024x576.jpg\" alt=\"\" data-id=\"160\" data-link=\"http:\/\/ecib-sa.be\/20171014_172930-1-1024x576\/\" class=\"wp-image-160\" srcset=\"https:\/\/www.ecib-sa.be\/wp-content\/uploads\/2019\/02\/20171014_172930-1-1024x576.jpg 1024w, https:\/\/www.ecib-sa.be\/wp-content\/uploads\/2019\/02\/20171014_172930-1-1024x576-300x169.jpg 300w, https:\/\/www.ecib-sa.be\/wp-content\/uploads\/2019\/02\/20171014_172930-1-1024x576-768x432.jpg 768w\" sizes=\"(max-width: 1024px) 100vw, 1024px\" \/><\/a><\/figure><\/li><li class=\"blocks-gallery-item\"><figure><a href=\"http:\/\/ecib-sa.be\/wp-content\/uploads\/2019\/02\/17103692_425377931132808_8879243315054086192_n.jpg\"><img loading=\"lazy\" width=\"960\" height=\"540\" src=\"http:\/\/ecib-sa.be\/wp-content\/uploads\/2019\/02\/17103692_425377931132808_8879243315054086192_n.jpg\" alt=\"\" data-id=\"147\" data-link=\"http:\/\/ecib-sa.be\/17103692_425377931132808_8879243315054086192_n\/\" class=\"wp-image-147\" srcset=\"https:\/\/www.ecib-sa.be\/wp-content\/uploads\/2019\/02\/17103692_425377931132808_8879243315054086192_n.jpg 960w, https:\/\/www.ecib-sa.be\/wp-content\/uploads\/2019\/02\/17103692_425377931132808_8879243315054086192_n-300x169.jpg 300w, https:\/\/www.ecib-sa.be\/wp-content\/uploads\/2019\/02\/17103692_425377931132808_8879243315054086192_n-768x432.jpg 768w\" sizes=\"(max-width: 960px) 100vw, 960px\" \/><\/a><\/figure><\/li><li class=\"blocks-gallery-item\"><figure><a href=\"http:\/\/ecib-sa.be\/wp-content\/uploads\/2019\/02\/20170609_140056.jpg\"><img loading=\"lazy\" width=\"800\" height=\"600\" src=\"http:\/\/ecib-sa.be\/wp-content\/uploads\/2019\/02\/20170609_140056.jpg\" alt=\"\" data-id=\"154\" data-link=\"http:\/\/ecib-sa.be\/20170609_140056\/\" class=\"wp-image-154\" srcset=\"https:\/\/www.ecib-sa.be\/wp-content\/uploads\/2019\/02\/20170609_140056.jpg 800w, https:\/\/www.ecib-sa.be\/wp-content\/uploads\/2019\/02\/20170609_140056-300x225.jpg 300w, https:\/\/www.ecib-sa.be\/wp-content\/uploads\/2019\/02\/20170609_140056-768x576.jpg 768w\" sizes=\"(max-width: 800px) 100vw, 800px\" \/><\/a><\/figure><\/li><li class=\"blocks-gallery-item\"><figure><a href=\"http:\/\/ecib-sa.be\/wp-content\/uploads\/2019\/02\/20170609_140028.jpg\"><img loading=\"lazy\" width=\"800\" height=\"600\" src=\"http:\/\/ecib-sa.be\/wp-content\/uploads\/2019\/02\/20170609_140028.jpg\" alt=\"\" data-id=\"153\" data-link=\"http:\/\/ecib-sa.be\/20170609_140028\/\" class=\"wp-image-153\" srcset=\"https:\/\/www.ecib-sa.be\/wp-content\/uploads\/2019\/02\/20170609_140028.jpg 800w, https:\/\/www.ecib-sa.be\/wp-content\/uploads\/2019\/02\/20170609_140028-300x225.jpg 300w, https:\/\/www.ecib-sa.be\/wp-content\/uploads\/2019\/02\/20170609_140028-768x576.jpg 768w\" sizes=\"(max-width: 800px) 100vw, 800px\" \/><\/a><\/figure><\/li><li class=\"blocks-gallery-item\"><figure><a href=\"http:\/\/ecib-sa.be\/wp-content\/uploads\/2019\/02\/12510441_219761551694448_563025874518156821_n.jpg\"><img loading=\"lazy\" width=\"960\" height=\"720\" src=\"http:\/\/ecib-sa.be\/wp-content\/uploads\/2019\/02\/12510441_219761551694448_563025874518156821_n.jpg\" alt=\"\" data-id=\"141\" data-link=\"http:\/\/ecib-sa.be\/12510441_219761551694448_563025874518156821_n\/\" class=\"wp-image-141\" srcset=\"https:\/\/www.ecib-sa.be\/wp-content\/uploads\/2019\/02\/12510441_219761551694448_563025874518156821_n.jpg 960w, https:\/\/www.ecib-sa.be\/wp-content\/uploads\/2019\/02\/12510441_219761551694448_563025874518156821_n-300x225.jpg 300w, https:\/\/www.ecib-sa.be\/wp-content\/uploads\/2019\/02\/12510441_219761551694448_563025874518156821_n-768x576.jpg 768w\" sizes=\"(max-width: 960px) 100vw, 960px\" \/><\/a><\/figure><\/li><li class=\"blocks-gallery-item\"><figure><a href=\"http:\/\/ecib-sa.be\/wp-content\/uploads\/2019\/02\/auv3.jpg\"><img loading=\"lazy\" width=\"600\" height=\"450\" src=\"http:\/\/ecib-sa.be\/wp-content\/uploads\/2019\/02\/auv3.jpg\" alt=\"\" data-id=\"217\" data-link=\"http:\/\/ecib-sa.be\/auv3\/\" class=\"wp-image-217\" srcset=\"https:\/\/www.ecib-sa.be\/wp-content\/uploads\/2019\/02\/auv3.jpg 600w, https:\/\/www.ecib-sa.be\/wp-content\/uploads\/2019\/02\/auv3-300x225.jpg 300w\" sizes=\"(max-width: 600px) 100vw, 600px\" \/><\/a><\/figure><\/li><li class=\"blocks-gallery-item\"><figure><a href=\"http:\/\/ecib-sa.be\/wp-content\/uploads\/2019\/02\/pass2.jpg\"><img loading=\"lazy\" width=\"600\" height=\"450\" src=\"http:\/\/ecib-sa.be\/wp-content\/uploads\/2019\/02\/pass2.jpg\" alt=\"\" data-id=\"219\" data-link=\"http:\/\/ecib-sa.be\/pass2\/\" class=\"wp-image-219\" srcset=\"https:\/\/www.ecib-sa.be\/wp-content\/uploads\/2019\/02\/pass2.jpg 600w, https:\/\/www.ecib-sa.be\/wp-content\/uploads\/2019\/02\/pass2-300x225.jpg 300w\" sizes=\"(max-width: 600px) 100vw, 600px\" \/><\/a><\/figure><\/li><li class=\"blocks-gallery-item\"><figure><a href=\"http:\/\/ecib-sa.be\/wp-content\/uploads\/2019\/02\/bath2.jpg\"><img loading=\"lazy\" width=\"600\" height=\"450\" src=\"http:\/\/ecib-sa.be\/wp-content\/uploads\/2019\/02\/bath2.jpg\" alt=\"\" data-id=\"214\" data-link=\"http:\/\/ecib-sa.be\/bath2\/\" class=\"wp-image-214\" srcset=\"https:\/\/www.ecib-sa.be\/wp-content\/uploads\/2019\/02\/bath2.jpg 600w, https:\/\/www.ecib-sa.be\/wp-content\/uploads\/2019\/02\/bath2-300x225.jpg 300w\" sizes=\"(max-width: 600px) 100vw, 600px\" \/><\/a><\/figure><\/li><li class=\"blocks-gallery-item\"><figure><a href=\"http:\/\/ecib-sa.be\/wp-content\/uploads\/2019\/02\/bath1.jpg\"><img loading=\"lazy\" width=\"600\" height=\"450\" src=\"http:\/\/ecib-sa.be\/wp-content\/uploads\/2019\/02\/bath1.jpg\" alt=\"\" data-id=\"213\" data-link=\"http:\/\/ecib-sa.be\/bath1\/\" class=\"wp-image-213\" srcset=\"https:\/\/www.ecib-sa.be\/wp-content\/uploads\/2019\/02\/bath1.jpg 600w, https:\/\/www.ecib-sa.be\/wp-content\/uploads\/2019\/02\/bath1-300x225.jpg 300w\" sizes=\"(max-width: 600px) 100vw, 600px\" \/><\/a><\/figure><\/li><li class=\"blocks-gallery-item\"><figure><a href=\"http:\/\/ecib-sa.be\/wp-content\/uploads\/2019\/02\/bath3.jpg\"><img loading=\"lazy\" width=\"600\" height=\"450\" src=\"http:\/\/ecib-sa.be\/wp-content\/uploads\/2019\/02\/bath3.jpg\" alt=\"\" data-id=\"216\" data-link=\"http:\/\/ecib-sa.be\/bath3\/\" class=\"wp-image-216\" srcset=\"https:\/\/www.ecib-sa.be\/wp-content\/uploads\/2019\/02\/bath3.jpg 600w, https:\/\/www.ecib-sa.be\/wp-content\/uploads\/2019\/02\/bath3-300x225.jpg 300w\" sizes=\"(max-width: 600px) 100vw, 600px\" \/><\/a><\/figure><\/li><li class=\"blocks-gallery-item\"><figure><a href=\"http:\/\/ecib-sa.be\/wp-content\/uploads\/2019\/02\/bat1.jpg\"><img loading=\"lazy\" width=\"600\" height=\"450\" src=\"http:\/\/ecib-sa.be\/wp-content\/uploads\/2019\/02\/bat1.jpg\" alt=\"\" data-id=\"211\" data-link=\"http:\/\/ecib-sa.be\/bat1\/\" class=\"wp-image-211\" srcset=\"https:\/\/www.ecib-sa.be\/wp-content\/uploads\/2019\/02\/bat1.jpg 600w, https:\/\/www.ecib-sa.be\/wp-content\/uploads\/2019\/02\/bat1-300x225.jpg 300w\" sizes=\"(max-width: 600px) 100vw, 600px\" \/><\/a><\/figure><\/li><li class=\"blocks-gallery-item\"><figure><a href=\"http:\/\/ecib-sa.be\/wp-content\/uploads\/2019\/02\/bat3-1.jpg\"><img loading=\"lazy\" width=\"600\" height=\"450\" src=\"http:\/\/ecib-sa.be\/wp-content\/uploads\/2019\/02\/bat3-1.jpg\" alt=\"\" data-id=\"212\" data-link=\"http:\/\/ecib-sa.be\/bat3-1\/\" class=\"wp-image-212\" srcset=\"https:\/\/www.ecib-sa.be\/wp-content\/uploads\/2019\/02\/bat3-1.jpg 600w, https:\/\/www.ecib-sa.be\/wp-content\/uploads\/2019\/02\/bat3-1-300x225.jpg 300w\" sizes=\"(max-width: 600px) 100vw, 600px\" \/><\/a><\/figure><\/li><li class=\"blocks-gallery-item\"><figure><a href=\"http:\/\/ecib-sa.be\/wp-content\/uploads\/2019\/02\/13177767_275651022772167_59546931391506502_n.jpg\"><img loading=\"lazy\" width=\"528\" height=\"960\" src=\"http:\/\/ecib-sa.be\/wp-content\/uploads\/2019\/02\/13177767_275651022772167_59546931391506502_n.jpg\" alt=\"\" data-id=\"138\" data-link=\"http:\/\/ecib-sa.be\/13177767_275651022772167_59546931391506502_n\/\" class=\"wp-image-138\" srcset=\"https:\/\/www.ecib-sa.be\/wp-content\/uploads\/2019\/02\/13177767_275651022772167_59546931391506502_n.jpg 528w, https:\/\/www.ecib-sa.be\/wp-content\/uploads\/2019\/02\/13177767_275651022772167_59546931391506502_n-165x300.jpg 165w\" sizes=\"(max-width: 528px) 100vw, 528px\" \/><\/a><\/figure><\/li><li class=\"blocks-gallery-item\"><figure><a href=\"http:\/\/ecib-sa.be\/wp-content\/uploads\/2019\/02\/37286170_679156222421643_3465015001201246208_n.jpg\"><img loading=\"lazy\" width=\"540\" height=\"960\" src=\"http:\/\/ecib-sa.be\/wp-content\/uploads\/2019\/02\/37286170_679156222421643_3465015001201246208_n.jpg\" alt=\"\" data-id=\"140\" data-link=\"http:\/\/ecib-sa.be\/37286170_679156222421643_3465015001201246208_n\/\" class=\"wp-image-140\" srcset=\"https:\/\/www.ecib-sa.be\/wp-content\/uploads\/2019\/02\/37286170_679156222421643_3465015001201246208_n.jpg 540w, https:\/\/www.ecib-sa.be\/wp-content\/uploads\/2019\/02\/37286170_679156222421643_3465015001201246208_n-169x300.jpg 169w\" sizes=\"(max-width: 540px) 100vw, 540px\" \/><\/a><\/figure><\/li><li class=\"blocks-gallery-item\"><figure><a href=\"http:\/\/ecib-sa.be\/wp-content\/uploads\/2019\/02\/12715793_231847387152531_4723097958456891719_n.jpg\"><img loading=\"lazy\" width=\"960\" height=\"720\" src=\"http:\/\/ecib-sa.be\/wp-content\/uploads\/2019\/02\/12715793_231847387152531_4723097958456891719_n.jpg\" alt=\"\" data-id=\"134\" data-link=\"http:\/\/ecib-sa.be\/12715793_231847387152531_4723097958456891719_n\/\" class=\"wp-image-134\" srcset=\"https:\/\/www.ecib-sa.be\/wp-content\/uploads\/2019\/02\/12715793_231847387152531_4723097958456891719_n.jpg 960w, https:\/\/www.ecib-sa.be\/wp-content\/uploads\/2019\/02\/12715793_231847387152531_4723097958456891719_n-300x225.jpg 300w, https:\/\/www.ecib-sa.be\/wp-content\/uploads\/2019\/02\/12715793_231847387152531_4723097958456891719_n-768x576.jpg 768w\" sizes=\"(max-width: 960px) 100vw, 960px\" \/><\/a><\/figure><\/li><li class=\"blocks-gallery-item\"><figure><a href=\"http:\/\/ecib-sa.be\/wp-content\/uploads\/2019\/02\/34752519_641957722808160_3493871542138306560_o-576x1024.jpg\"><img loading=\"lazy\" width=\"576\" height=\"1024\" src=\"http:\/\/ecib-sa.be\/wp-content\/uploads\/2019\/02\/34752519_641957722808160_3493871542138306560_o-576x1024.jpg\" alt=\"\" data-id=\"459\" data-link=\"http:\/\/ecib-sa.be\/index.php\/realisations\/34752519_641957722808160_3493871542138306560_o\/\" class=\"wp-image-459\" srcset=\"https:\/\/www.ecib-sa.be\/wp-content\/uploads\/2019\/02\/34752519_641957722808160_3493871542138306560_o-576x1024.jpg 576w, https:\/\/www.ecib-sa.be\/wp-content\/uploads\/2019\/02\/34752519_641957722808160_3493871542138306560_o-169x300.jpg 169w, https:\/\/www.ecib-sa.be\/wp-content\/uploads\/2019\/02\/34752519_641957722808160_3493871542138306560_o-768x1365.jpg 768w, https:\/\/www.ecib-sa.be\/wp-content\/uploads\/2019\/02\/34752519_641957722808160_3493871542138306560_o.jpg 1121w\" sizes=\"(max-width: 576px) 100vw, 576px\" \/><\/a><\/figure><\/li><li class=\"blocks-gallery-item\"><figure><a href=\"http:\/\/ecib-sa.be\/wp-content\/uploads\/2019\/02\/51765227_819514301719167_8036815505186619392_n.jpg\"><img loading=\"lazy\" width=\"720\" height=\"960\" src=\"http:\/\/ecib-sa.be\/wp-content\/uploads\/2019\/02\/51765227_819514301719167_8036815505186619392_n.jpg\" alt=\"\" data-id=\"461\" data-link=\"http:\/\/ecib-sa.be\/index.php\/realisations\/51765227_819514301719167_8036815505186619392_n\/\" class=\"wp-image-461\" srcset=\"https:\/\/www.ecib-sa.be\/wp-content\/uploads\/2019\/02\/51765227_819514301719167_8036815505186619392_n.jpg 720w, https:\/\/www.ecib-sa.be\/wp-content\/uploads\/2019\/02\/51765227_819514301719167_8036815505186619392_n-225x300.jpg 225w\" sizes=\"(max-width: 720px) 100vw, 720px\" \/><\/a><\/figure><\/li><li class=\"blocks-gallery-item\"><figure><a href=\"http:\/\/ecib-sa.be\/wp-content\/uploads\/2019\/02\/51569531_819514358385828_2988803102028595200_n.jpg\"><img loading=\"lazy\" width=\"720\" height=\"960\" src=\"http:\/\/ecib-sa.be\/wp-content\/uploads\/2019\/02\/51569531_819514358385828_2988803102028595200_n.jpg\" alt=\"\" data-id=\"462\" data-link=\"http:\/\/ecib-sa.be\/index.php\/realisations\/51569531_819514358385828_2988803102028595200_n\/\" class=\"wp-image-462\" srcset=\"https:\/\/www.ecib-sa.be\/wp-content\/uploads\/2019\/02\/51569531_819514358385828_2988803102028595200_n.jpg 720w, https:\/\/www.ecib-sa.be\/wp-content\/uploads\/2019\/02\/51569531_819514358385828_2988803102028595200_n-225x300.jpg 225w\" sizes=\"(max-width: 720px) 100vw, 720px\" \/><\/a><\/figure><\/li><\/ul>\n\n\n<p><!--?php if (function_exists(\"easing_slider\")){ easing_slider(); } ?--><\/p>","protected":false},"excerpt":{"rendered":"<p>Nous pouvons vous proposer d&rsquo;autres r\u00e9alisations comme par exemple : des passerelles int\u00e9rieures ou ext\u00e9rieures, des carports, des pr\u00e9aux, des chapentes m\u00e9talliques mais \u00e9galement des am\u00e9nagements int\u00e9rieurs et ext\u00e9rieurs en acier, inox, alu ou corten.<\/p>\n","protected":false},"author":1,"featured_media":0,"parent":0,"menu_order":4,"comment_status":"closed","ping_status":"closed","template":"","meta":[],"yoast_head":"<!-- This site is optimized with the Yoast SEO plugin v14.9 - https:\/\/yoast.com\/wordpress\/plugins\/seo\/ -->\n<title>ECIB - Carport, auvent, pr\u00e9au, charpente m\u00e9tallique, mobilier m\u00e9tallique<\/title>\n<meta name=\"description\" content=\"Carport, auvent, charpente m\u00e9tallique, am\u00e9nagement int\u00e9rieur et ext\u00e9rieur. Notre \u00e9quipe polyvalente peut vous aider pour vos r\u00e9alisations m\u00e9talliques.\" \/>\n<meta name=\"robots\" content=\"index, follow, max-snippet:-1, max-image-preview:large, max-video-preview:-1\" \/>\n<link rel=\"canonical\" href=\"http:\/\/www.ecib-sa.be\/index.php\/carport-charpente\/\" \/>\n<meta property=\"og:locale\" content=\"fr_FR\" \/>\n<meta property=\"og:type\" content=\"article\" \/>\n<meta property=\"og:title\" content=\"ECIB - Carport, auvent, pr\u00e9au, charpente m\u00e9tallique, mobilier m\u00e9tallique\" \/>\n<meta property=\"og:description\" content=\"Carport, auvent, charpente m\u00e9tallique, am\u00e9nagement int\u00e9rieur et ext\u00e9rieur. Notre \u00e9quipe polyvalente peut vous aider pour vos r\u00e9alisations m\u00e9talliques.\" \/>\n<meta property=\"og:url\" content=\"http:\/\/www.ecib-sa.be\/index.php\/carport-charpente\/\" \/>\n<meta property=\"og:site_name\" content=\"ECIB - Etude Concept Industriel Boisdenghien\" \/>\n<meta property=\"article:publisher\" content=\"https:\/\/www.facebook.com\/ecibsa\/\" \/>\n<meta property=\"article:modified_time\" content=\"2020-06-25T13:18:26+00:00\" \/>\n<meta property=\"og:image\" content=\"http:\/\/ecib-sa.be\/wp-content\/uploads\/2019\/02\/20171014_172930-1-1024x576-1024x576.jpg\" \/>\n<meta name=\"twitter:card\" content=\"summary_large_image\" \/>\n<script type=\"application\/ld+json\" class=\"yoast-schema-graph\">{\"@context\":\"https:\/\/schema.org\",\"@graph\":[{\"@type\":\"WebSite\",\"@id\":\"https:\/\/www.ecib-sa.be\/#website\",\"url\":\"https:\/\/www.ecib-sa.be\/\",\"name\":\"ECIB - Etude Concept Industriel Boisdenghien\",\"description\":\"Contactez-nous : info@ecib-sa.be ou au 068\/57 21 51\",\"potentialAction\":[{\"@type\":\"SearchAction\",\"target\":\"https:\/\/www.ecib-sa.be\/?s={search_term_string}\",\"query-input\":\"required name=search_term_string\"}],\"inLanguage\":\"fr-FR\"},{\"@type\":\"ImageObject\",\"@id\":\"http:\/\/www.ecib-sa.be\/index.php\/carport-charpente\/#primaryimage\",\"inLanguage\":\"fr-FR\",\"url\":\"http:\/\/ecib-sa.be\/wp-content\/uploads\/2019\/02\/20171014_172930-1-1024x576-1024x576.jpg\"},{\"@type\":\"WebPage\",\"@id\":\"http:\/\/www.ecib-sa.be\/index.php\/carport-charpente\/#webpage\",\"url\":\"http:\/\/www.ecib-sa.be\/index.php\/carport-charpente\/\",\"name\":\"ECIB - Carport, auvent, pr\\u00e9au, charpente m\\u00e9tallique, mobilier m\\u00e9tallique\",\"isPartOf\":{\"@id\":\"https:\/\/www.ecib-sa.be\/#website\"},\"primaryImageOfPage\":{\"@id\":\"http:\/\/www.ecib-sa.be\/index.php\/carport-charpente\/#primaryimage\"},\"datePublished\":\"2019-01-28T12:18:13+00:00\",\"dateModified\":\"2020-06-25T13:18:26+00:00\",\"description\":\"Carport, auvent, charpente m\\u00e9tallique, am\\u00e9nagement int\\u00e9rieur et ext\\u00e9rieur. Notre \\u00e9quipe polyvalente peut vous aider pour vos r\\u00e9alisations m\\u00e9talliques.\",\"inLanguage\":\"fr-FR\",\"potentialAction\":[{\"@type\":\"ReadAction\",\"target\":[\"http:\/\/www.ecib-sa.be\/index.php\/carport-charpente\/\"]}]}]}<\/script>\n<!-- \/ Yoast SEO plugin. -->","_links":{"self":[{"href":"https:\/\/www.ecib-sa.be\/index.php\/wp-json\/wp\/v2\/pages\/33"}],"collection":[{"href":"https:\/\/www.ecib-sa.be\/index.php\/wp-json\/wp\/v2\/pages"}],"about":[{"href":"https:\/\/www.ecib-sa.be\/index.php\/wp-json\/wp\/v2\/types\/page"}],"author":[{"embeddable":true,"href":"https:\/\/www.ecib-sa.be\/index.php\/wp-json\/wp\/v2\/users\/1"}],"replies":[{"embeddable":true,"href":"https:\/\/www.ecib-sa.be\/index.php\/wp-json\/wp\/v2\/comments?post=33"}],"version-history":[{"count":17,"href":"https:\/\/www.ecib-sa.be\/index.php\/wp-json\/wp\/v2\/pages\/33\/revisions"}],"predecessor-version":[{"id":597,"href":"https:\/\/www.ecib-sa.be\/index.php\/wp-json\/wp\/v2\/pages\/33\/revisions\/597"}],"wp:attachment":[{"href":"https:\/\/www.ecib-sa.be\/index.php\/wp-json\/wp\/v2\/media?parent=33"}],"curies":[{"name":"wp","href":"https:\/\/api.w.org\/{rel}","templated":true}]}}